rt 3032341 (base 5) to base 10.
49096
2da0b (base 14) to base 3
12211000211
What is 454135 (base 7) in base 10?
80680
Convert -46341 (base 13) to base 8.
-371762
What is -10001001101001010110001 (base 2) in base 11?
-26007a0
-91c6a (base 16) to base 10
-597098
-182575 (base 15) to base 5
-300003420
Convert -283a35 (base 12) to base 8.
-2435011
15051030 (base 7) to base 16
15bb1d
-148760 (base 11) to base 10
-231176
What is -1379b (base 12) in base 3?
-1101002202
Convert -10323200311 (base 4) to base 6.
-43411021
-101010011101110110001 (base 2) to base 6
-45454145
What is 2530232 (base 6) in base 12?
66978
20120220022 (base 4) to base 2
1000011000101000001010
What is 22022102211 (base 3) in base 6?
3301251
What is 3651431 (base 7) in base 5?
104410410
Convert 14a921 (base 12) to base 2.
1010101100010101001
-78dd6 (base 14) to base 16
-47ae0
Convert 30c45 (base 14) to base 10.
117661
What is -21b0a (base 13) in base 12?
-2b4b0
-10010100110110011111 (base 2) to base 10
-609695
Convert -47b54 (base 14) to base 10.
-175102
What is 1010011000010010000100 (base 2) in base 13?
743600
Convert -208005 (base 10) to base 9.
-346286
Convert -372a3a5 (base 11) to base 3.
-110012110220021
What is 1101001000011100101001 (base 2) in base 8?
15103451
2031454 (base 6) to base 12
4858a
What is 110101000000011100 (base 2) in base 8?
650034
What is 1110202101220 (base 3) in base 13?
215232
Convert 39bb03 (base 12) to base 11.
5a15a4
What is 3822c (base 13) in base 15?
20a90
1001100111111001101 (base 2) to base 16
4cfcd
Convert -1e36c (base 15) to base 16.
-1815c
What is 5235a4 (base 11) in base 6?
25553225
-122220011001 (base 3) to base 12
-14b9b4
What is -202302023 (base 5) in base 10?
-822138
What is -12673177 (base 8) in base 2?
-1010110111011001111111
What is 3400112141 (base 5) in base 16?
714f81
Convert -11305430 (base 9) to base 11.
-3113988
2541a97 (base 11) to base 3
22022000211002
Convert fa542 (base 16) to base 14.
1c9950
-2105770 (base 8) to base 6
-20001052
-21340144 (base 5) to base 9
-310111
Convert -100111100011110100011100 (base 2) to base 7.
-154101130
What is -1254c (base 16) in base 7?
-431622
What is 10412421331 (base 5) in base 14?
17413bc
Convert 20335331 (base 6) to base 13.
177a06
What is 19b0bc (base 14) in base 9?
1642584
-307202 (base 9) to base 12
-89692
Convert 798865 (base 10) to base 2.
11000011000010010001
What is -131bc1 (base 14) in base 6?
-22034541
102112010131 (base 4) to base 2
10010010110000100011101
Convert -466320 (base 8) to base 13.
-57453
What is -13202110110 (base 4) in base 11?
-112a305
Convert b3889a (base 12) to base 10.
2814454
What is 1310402 (base 7) in base 4?
221222231
95852 (base 11) to base 3
21002021210
Convert -100333100 (base 5) to base 3.
-202102211002
Convert 102032302 (base 4) to base 9.
123381
What is 7815011 (base 9) in base 11?
2410602
What is 101011000110111111100001 (base 2) in base 10?
11300833
-7a899 (base 11) to base 7
-664511
What is 11001000000111001 (base 2) in base 15?
20557
What is 384123 (base 9) in base 7?
1656201
-43a1001 (base 11) to base 7
-122410643
What is -1000001000101001100010 (base 2) in base 6?
-113413014
What is 11523046 (base 8) in base 4?
21222120212
What is -17f5c (base 16) in base 8?
-277534
What is -1233010002 (base 4) in base 5?
-104024124
1102110021010 (base 3) to base 8
2706236
-240141512 (base 6) to base 2
-10001001000110000110100
What is 18708 (base 10) in base 3?
221122220
What is 11103231013 (base 4) in base 5?
324011211
Convert cc0b6 (base 14) to base 12.
1b9b14
-2022111221 (base 3) to base 16
-b206
What is 10101211000 (base 3) in base 2?
10000010101110101
Convert -1010101100001100010011 (base 2) to base 12.
-b31957
13548630 (base 10) to base 15
12c9620
-53484 (base 9) to base 7
-205120
-433c0d (base 14) to base 16
-22bf15
Convert -2803453 (base 10) to base 15.
-3a59bd
Convert 10000000100011101101 (base 2) to base 14.
d9c85
1145032303 (base 6) to base 16
c81d8f
What is -16760402 (base 8) in base 13?
-a75237
Convert -c6368 (base 13) to base 4.
-1113002123
Convert -50d040 (base 14) to base 15.
-38c568
Convert 1b4506 (base 13) to base 14.
141463
Convert -24cd9 (base 15) to base 12.
-58106
Convert 11101000111010011111 (base 2) to base 10.
954015
Convert -641462 (base 7) to base 15.
-22d6e
279169b (base 12) to base 7
124114121
997b21 (base 13) to base 10
3615951
What is -107817 (base 9) in base 13?
-2366b
Convert -27b1a4 (base 14) to base 15.
-1c2674
Convert 178787 (base 13) to base 14.
115094
-6327807 (base 11) to base 10
-11152093
Convert -1804d5 (base 15) to base 3.
-2012012201202
Convert -103241433 (base 6) to base 11.
-1047a45
Convert 232004234 (base 5) to base 16.
ffb94
Convert 19366 (base 14) to base 16.
f92e
-51120102 (base 6) to base 15
-1db962
Convert -4467150 (base 8) to base 10.
-1207912
-24c7d13 (base 14) to base 8
-103374715
-8a07144 (base 11) to base 4
-330033211210
-2b4de (base 16) to base 14
-488d8
-357 (base 16) to base 2
-1101010111
Convert 367706 (base 11) to base 13.
1746b4
What is -100010100111101000 (base 2) in base 5?
-14014200
What is 92be (base 15) in base 16?
791c
What is -279a59 (base 12) in base 9?
-1215156
170710 (base 8) to base 15
13516
What is -104411 (base 13) in base 4?
-1130331203
-11003030000 (base 4) to base 8
-5031400
-33102 (base 11) to base 5
-3014124
b631 (base 13) to base 8
61205
What is -30624334 (base 8) in base 2?
-11000110010100011011100
-5c478 (base 16) to base 7
-3132654
What is 117028 (base 12) in base 15?
586eb
What is 162288 (base 15) in base 8?
4052565
What is 366103 (base 9) in base 13?
7976a
350344 (base 6) to base 4
13103320
What is 56731 (base 12) in base 7?
656356
What is -30da6 (base 14) in base 6?
-2310010
What is -43365 (base 13) in base 11?
-83257
201111122122 (base 3) to base 11
2424a8
-1010000110001111111 (base 2) to base 8
-1206177
Convert 518408 (base 10) to base 13.
151c67
Convert -21100012031 (base 4) to base 7.
-26420432
145646 (base 10) to base 7
1144424
1262500 (base 9) to base 14
13da48
What is 122523 (base 9) in base 3?
10202120210
What is 16370 (base 13) in base 16?
a565
-145445 (base 7) to base 2
-110111011000011
What is -78870 (base 9) in base 5?
-3134340
Convert 320d82 (base 16) to base 12.
112236a
-6167aa9 (base 11) to base 12
-3791551
2012211211 (base 3) to base 5
2344002
What is -a470 (base 12) in base 13?
-8220
-34012102 (base 5) to base 14
-7a73b
Convert -202101212112 (base 3) to base 7.
-3261542
Convert -dd80e4 (base 15) to base 6.
-1014135554
What is 2061181 (base 9) in base 10?
1103131
Convert -21524044 (base 7) to base 16.
-1c4e00
-120121222323 (base 4) to base 9
-13028436
3e2613 (base 16) to base 6
223144215
What is 73290 (base 12) in base 16?
24ccc
What is -10202000011220 (base 3) in base 14?
-39a763
Convert -23032012 (base 5) to base 4.
-302013021
What is 100100000001110 (base 2) in base 15?
56eb
What is -12123232223 (base 4) in base 5?
-412431233
What is 763375 (base 13) in base 4?
22212020023
-4317336 (base 9) to base 2
-1000110101001001100011
-1210120102 (base 3) to base 14
-cc92
Convert 1122213001 (base 4) to base 16.
5a9c1
Convert 1122122021001 (base 3) to base 7.
10316422
What is -100112202120 (base 3) in base 6?
-4005540
Convert -2389e (base 15) to base 3.
-12202110012
What is -11001100110111100001000 (base 2) in base 14?
-c6a66c
What is -6ab48 (base 14) in base 15?
-5213b
26907 (base 12) to base 16
cf97
Convert -10300123000 (base 5) to base 12.
-37b83a2
Convert -45325a (base 13) to base 14.
-307ba5
What is 101011011100110 (base 2) in base 13?
a183
What is -211020022 (base 3) in base 7?
-65153
Convert 260022 (base 10) to base 13.
91479
What is -3a73c (base 14) in base 4?
-203023302
What is 6bef1 (base 16) in base 6?
13250425
Convert -2391454 (base 10) to base 6.
-123131314
Convert 105501321 (base 6) to base 14.
38b5a9
2414333211 (base 5) to base 3
101120120122021
What is 2333020113 (base 4) in base 16?
bf217
40557b (base 15) to base 3
12202020111222
What is 234a355 (base 11) in base 9?
7636158
-202002011210 (base 3) to base 12
-170893
What is 2512aa (base 15) in base 7?
21044302
Convert -1314253 (base 6) to base 14.
-1c489
What is 39362 (base 10) in base 6?
502122
-20c16a (base 14) to base 13
-2ca945
Convert -3325723 (base 9) to base 14.
-347c93
What is 20401225 (base 6) 